 34*g - 312. Give c(7).
-74
Let l(f) = -2*f**2 + 4*f - 22. Calculate l(12).
-262
Let b(x) = 16*x + 317. Give b(-16).
61
Let w(k) = -74*k - 137. Give w(-6).
307
Let s(z) = z**3 + 39*z**2 - 40*z + 8. Give s(-40).
8
Let r(m) = -42*m - 47. Determine r(0).
-47
Let s(o) = -o**2 - 6*o + 137. Determine s(-27).
-430
Let j(g) = g**3 + 19*g**2 + 56*g - 25. Determine j(-16).
-153
Let t(r) = r**3 + 13*r**2 - 165*r + 53. Determine t(-21).
-10
Let y(u) = 4108*u + 16428. Give y(-4).
-4
Let b(u) = 48*u**2 + 18*u - 6. Determine b(-1).
24
Let z(d) = -14*d**3 + 4*d**2 + 3*d - 56. What is z(-4)?
892
Let j(h) = 11*h - 66. Give j(-8).
-154
Let u(z) = -z**2 - 24*z - 98. Calculate u(-7).
21
Let w(g) = g**2 - 18*g + 130. Determine w(8).
50
Let h(m) = -m**3 + 29*m**2 + 210*m - 1. What is h(35)?
-1
Let b(n) = 3*n**2 - 28*n + 30. Calculate b(9).
21
Let w(j) = -28*j - 55. Calculate w(6).
-223
Let v(a) = -a**3 - 7*a**2 - 7*a - 13. Determine v(-6).
-7
Let h(s) = -89*s**2 + 361*s + 363. Give h(-1).
-87
Let k(m) = 226*m + 213. Calculate k(-1).
-13
Let x(d) = 4*d - 73. Give x(31).
51
Let c(y) = -351*y + 41064. Determine c(117).
-3
Let y(p) = -p**2 - 79*p - 50. Determine y(-83).
-382
Let r(f) = 44*f + 1204. What is r(-27)?
16
Let b(c) = 655*c + 3935. What is b(-6)?
5
Let n(w) = 101*w + 1115. Give n(-11).
4
Let i(f) = -2*f**2 + 321*f + 1666. Determine i(-5).
11
Let c(n) = -n**2 + 34*n - 38. Determine c(21).
235
Let m(p) = -1308*p - 26121. Calculate m(-20).
39
Let j(i) = 119*i + 400. What is j(-5)?
-195
Let w(j) = -34*j**3 - 1461*j**2 + 48*j + 219. Calculate w(-43).
4
Let c(h) = -4*h - 131. Give c(-30).
-11
Let m(q) = -15*q - 71. Calculate m(-10).
79
Let l(w) = -28*w**2 - 181*w - 20. Calculate l(-6).
58
Let j(u) = u**2 - 57*u + 160. Calculate j(54).
-2
Let h(d) = -3*d**3 - 14*d**2 + 18*d + 8. Determine h(-7).
225
Let a(f) = -10*f**2 - 24*f + 8. Determine a(-4).
-56
Let k(y) = -y**3 - 17*y**2 - 6*y - 7. Calculate k(-14).
-511
Let x(q) = -7*q**3 + 30*q**2 + 85*q - 300. Calculate x(5).
0
Let a(l) = l + 91. Calculate a(48).
139
Let g(a) = 4*a - 38. Calculate g(-5).
-58
Let d(s) = 60*s**2 - 958*s - 27. What is d(16)?
5
Let j(f) = -4*f**3 + 61*f**2 + 116*f. Give j(-2).
44
Let w(r) = r**3 - 98*r**2 + 90*r + 570. Calculate w(97).
-109
Let p(j) = 3*j**3 - 295*j**2 - 201*j + 286. What is p(99)?
-11
Let v(f) = 91*f + 1257. Give v(-12).
165
Let d(n) = -56*n**2 + 5*n + 1. Calculate d(2).
-213
Let i(d) = 54*d + 122. What is i(-8)?
-310
Let s(t) = -31*t**3 - 32*t**2 + 50*t + 50. Give s(-1).
-1
Let c(y) = -3*y**3 - 35*y**2 - 8*y - 63. What is c(-12)?
177
Let g(s) = s**2 + 37*s - 512. What is g(11)?
16
Let q(f) = -2*f**3 + 103*f**2 + 46*f + 318. Give q(52).
6
Let t(n) = -n**3 - 187*n**2 + 360*n - 3387. Determine t(-189).
15
Let i(r) = -r**3 - 17*r**2 + 140*r + 8. What is i(6)?
20
Let n(c) = 14*c**3 + 2*c**2 + 176*c + 175. Calculate n(-1).
-13
Let o(k) = 116*k - 17059. What is o(147)?
-7
Let x(o) = -5*o**3 + 31*o - 3. What is x(-4)?
193
Let f(a) = 2*a**3 - 86*a**2 + 91*a - 314. Give f(42).
-20
Let p(h) = 7103*h + 42618. Give p(-6).
0
Let v(s) = s**2 + 110*s + 2247. Determine v(-62).
-729
Let f(y) = 96*y - 836. What is f(8)?
-68
Let q(f) = 4*f**2 - 249*f - 897. Give q(66).
93
Let m(g) = -5*g**2 + 118*g - 591. Determine m(16).
17
Let b(t) = -2*t**3 + 13*t**2 - 10*t - 21. Determine b(5).
4
Let n(k) = k**3 - 32*k**2 + 118*k - 17. Calculate n(4).
7
Let w(u) = u**3 + 14*u**2 + 33*u + 269. What is w(-13)?
9
Let t(l) = -4*l**3 - 249*l**2 - 78*l - 1010. Calculate t(-62).
-18
Let u(m) = 12*m - 492. Give u(42).
12
Let n(h) = -13*h**2 - 86*h - 33. Calculate n(-6).
15
Let g(a) = 2637*a - 42198. Calculate g(16).
-6
Let x(r) = -r**3 + 9*r**2 + 846*r - 6015. Calculate x(7).
5
Let a(r) = 8*r**2 - 300*r - 967. Give a(-3).
5
Let k(u) = u**2 - 135*u + 3680. Give k(38).
-6
Let p(d) = -2*d**2 - 59*d + 324. Give p(-34).
18
Let p(k) = -k**2 + 67*k - 171. Determine p(64).
21
Let m(t) = 8*t**3 + 158*t**2 - 31*t - 21. Determine m(-20).
-201
Let u(t) = t**2 + 25*t - 25. Calculate u(-29).
91
Let z(t) = t**2 + 23*t + 86. Determine z(-7).
-26
Let o(w) = -118*w + 2602. What is o(22)?
6
Let r(q) = q**3 + 25*q**2 + 105*q + 11. What is r(-20)?
-89
Let d(c) = -32*c + 119. Determine d(3).
23
Let u(a) = -2*a**2 + 80*a - 567. Determine u(31).
-9
Let d(a) = a**3 - 6*a**2 - 10*a + 11. What is d(6)?
-49
Let j(d) = -5*d + 278. Give j(13).
213
Let n(j) = j**3 + 4*j**2 - 27*j + 144. Calculate n(-9).
-18
Let g(y) = -451*y**2 + y - 12. What is g(0)?
-12
Let i(k) = -2*k**3 + 24*k**2 - 8*k - 19. Calculate i(12).
-115
Let l(w) = -13*w**2 - 39*w + 4. Give l(-6).
-230
Let g(h) = h**3 - 17*h**2 - 6905*h - 369. Give g(-75).
6
Let b(v) = -52*v + 71. Determine b(0).
71
Let f(y) = y**2 - 63*y + 965. What is f(28)?
-15
Let p(m) = 189*m - 19086. Determine p(101).
3
Let u(a) = -2*a**2 + 8*a + 942. What is u(24)?
-18
Let l(v) = -171*v + 11979. Calculate l(70).
9
Let p(h) = -1782*h + 1902. What is p(1)?
120
Let n(w) = 9*w**2 + 326*w + 65. Determine n(-36).
-7
Let z(h) = 2*h**2 + 67*h - 11. Give z(0).
-11
Let d(q) = 841*q - 1688. Determine d(2).
-6
Let r(s) = 263*s**3 - s**2 + 237*s + 237. Determine r(-1).
-264
Let i(s) = s**2 - 48*s + 439. What is i(36)?
7
Let q(l) = -3*l**3 - 28*l**2 - 2*l + 10. What is q(-9)?
-53
Let z(t) = -t**2 - 6*t - 41. Determine z(11).
-228
Let p(g) = g**3 - 27*g**2 - 51*g - 18. Calculate p(30).
1152
Let a(w) = 2*w**3 + 58*w**2 + 190*w - 248. What is a(-25)?
2
Let a(n) = n**3 - 25*n**2 + 31. Determine a(25).
31
Let u(p) = 25*p + 7. Calculate u(-4).
-93
Let y(j) = -3*j**3 + 146*j**2 + 46*j + 214. Determine y(49).
67
Let d(a) = a**3 - 50*a**2 - 219*a + 149. Determine d(54).
-13
Let k(x) = -2*x**2 - 127*x + 1786. What is k(-75)?
61
Let l(q) = -q**3 - 14*q**2 + 72*q + 23. Give l(-18).
23
Let b(c) = 7*c**3 + 54*c**2 + 9*c - 8. What is b(-7)?
174
Let x(s) = -80*s + 12394. Give x(155).
-6
Let r(z) = 4523*z - 49760. Determine r(11).
-7
Let w(k) = -776*k - 6213. What is w(-8)?
-5
Let b(r) = -2*r**3 + 31*r**2 - 33*r - 89. Give b(14).
37
Let d(w) = 23*w + 19. What is d(-3)?
-50
Let a(m) = 20*m**2 + 2*m - 9. What is a(-1)?
9
Let u(k) = -k**2 - 21*k - 108. What is u(-10)?
2
Let k(t) = -101*t + 5813. Determine k(58).
-45
Let o(x) = -x**3 + 40*x**2 + 47*x - 199. Give o(41).
47
Let k(r) = r**3 - 16*r**2 + 68*r - 809. Determine k(15).
-14
Let g(l) = 116*l + 147. What is g(3)?
495
Let g(q) = q**3 + 45*q**2 + 458*q - 87. Give g(-16).
9
Let k(o) = -9*o**2 + 36*o - 38. Give k(3).
-11
Let a(c) = -c**3 - 32*c**2 - 60*c + 46. Calculate a(-30).
46
Let o(u) = u**2 + 51*u - 352. Calculate o(-56).
-72
Let h(n) = 2*n**3 + 192*n**2 + 726*n - 932. What is h(-92)?
-12
Let n(z) = -5*z**2 + 667*z + 3159. Give n(138).
-15
Let g(l) = -5116*l + 112545. Determine g(22).
-7
Let x(m) = 38*m + 15. What is x(-1)?
-23
Let o(g) = -255*g + 84. What is o(0)?
84
Let g(w) = 5401*w - 81010. Calculate g(15).
5
Let h(d) = -16*d**2 - 26*d + 20. Calculate h(-2).
8
Let i(b) = 2*b**2 + 66*b + 16. Determine i(-32).
-48
Let w(k) = 3*k**3 + 487*k**2 + 166*k + 748. What is w(-162)?
100
Let w(d) = -d**3 + 62*d**2 - 327*d - 424. Give w(56).
80
Let b(z) = 2*z**3 + z**2 + 74*z + 223. Determine b(-3).
-44
Let b(z) = z**3 - 25*z**2 + 158*z - 149. Determine b(14).
-93
Let x(r) = -185*r - 434. What is x(-2)?
-64
Let t(f) = 4*f**2 - 75*f + 50. Determine t(17).
-69
Let q(n) = -11*n**2 - 23*n - 19. Calculate q(-2).
-17
Let u(g) = 7*g**2 - 101*g + 210. Calculate u(12).
6
Let p(j) = -80*j + 563. Determine p(7).
3
Let q(l) = l**2 + 106*l - 490. Calculate q(-110).
-50
Let t(q) = -q**2 - 108*q - 1063. Calculate t(-97).
4
Let z(r) = -r**3 + 24*r**2 - 68*r + 51. Determine z(21).
-54
Let z(i) = 5*i**2 - i + 2. Give z(5).
122
Let p(s) = 44*s + 216. What is p(-5)?
-4
Let u(w) = 197*w**3 - 987*w**2 + 14*w + 13. Give u(5).
33
Let r(u) = -2*u + 31. Calculate r(22).
-13
Let a(t) = 367*t + 810. Give a(-4).
-658
Let n(y) = -y**3 - 18*y**2 + 31*y + 60. Determine n(-20).
240
Let b(t) = -2*t**2 - 101*t + 665. Determine b(6).
-13
Let c(t) = -t**2 - 11*t + 22. Give c(7).
-104
Let t(f) = -f**2 + 37*f - 244. Give t(34).
-142
Let f(k) = 2*k**3 + 35*k**2 + 15*k - 36. Give f(-17).
-2
Let d(l) = -l**3 + 27*l**2 + 5*l - 28. Give d(0).
-28
Let u(p) = p**3 - 4*p**2 - 16*p + 26. Give u(6).
2
Let o(k) = 50*k**2 + 4154*k + 343. Wh